{"id":16335,"date":"2021-01-20T15:41:20","date_gmt":"2021-01-20T14:41:20","guid":{"rendered":"https:\/\/www.arca24.com\/examinlab\/?page_id=16335"},"modified":"2023-05-08T10:51:40","modified_gmt":"2023-05-08T08:51:40","slug":"contato-testes-aplicados-em-entrevistas","status":"publish","type":"page","link":"https:\/\/www.arca24.com\/examinlab\/pt\/contato-testes-aplicados-em-entrevistas\/","title":{"rendered":"Contato"},"content":{"rendered":"<div class=\"fusion-fullwidth fullwidth-box fusion-builder-row-1 fusion-flex-container hundred-percent-fullwidth non-hundred-percent-height-scrolling\" style=\"--awb-border-radius-top-left:0px;--awb-border-radius-top-right:0px;--awb-border-radius-bottom-right:0px;--awb-border-radius-bottom-left:0px;--awb-padding-right:6%;--awb-padding-left:6%;--awb-margin-bottom:60px;--awb-flex-wrap:wrap;\" ><div class=\"fusion-builder-row fusion-row fusion-flex-align-items-flex-start fusion-flex-content-wrap\" style=\"width:104% !important;max-width:104% !important;margin-left: calc(-4% \/ 2 );margin-right: calc(-4% \/ 2 );\"><div class=\"fusion-layout-column fusion_builder_column fusion-builder-column-0 fusion_builder_column_1_2 1_2 fusion-flex-column\" style=\"--awb-bg-size:cover;--awb-border-color:#b9afa1;--awb-border-right:0;--awb-border-style:solid;--awb-width-large:50%;--awb-margin-top-large:80px;--awb-spacing-right-large:3.84%;--awb-margin-bottom-large:-80px;--awb-spacing-left-large:3.84%;--awb-width-medium:100%;--awb-order-medium:0;--awb-spacing-right-medium:1.92%;--awb-spacing-left-medium:1.92%;--awb-width-small:100%;--awb-order-small:0;--awb-spacing-right-small:1.92%;--awb-spacing-left-small:1.92%;\"><div class=\"fusion-column-wrapper fusion-column-has-shadow fusion-flex-justify-content-flex-start fusion-content-layout-column\"><div class=\"fusion-text fusion-text-1\" style=\"--awb-font-size:48px;--awb-line-height:1.2;--awb-text-color:#1d2028;--awb-text-font-family:&quot;Poppins&quot;;--awb-text-font-style:normal;--awb-text-font-weight:700;\"><p>Quer saber mais sobre ExaminLab?<\/p>\n<\/div><div class=\"fusion-text fusion-text-2\" style=\"--awb-font-size:24px;--awb-line-height:1.2;--awb-text-color:#1d2028;--awb-text-font-family:&quot;Poppins&quot;;--awb-text-font-style:normal;--awb-text-font-weight:700;\"><p>Por favor, preencha o formulario. Vamos contatar voc\u00ea o mais cedo poss\u00edvel.<\/p>\n<\/div><\/div><\/div><div class=\"fusion-layout-column fusion_builder_column fusion-builder-column-1 fusion_builder_column_1_2 1_2 fusion-flex-column\" style=\"--awb-bg-size:cover;--awb-border-color:#b9afa1;--awb-border-right:0;--awb-border-style:solid;--awb-width-large:50%;--awb-margin-top-large:80px;--awb-spacing-right-large:3.84%;--awb-margin-bottom-large:-80px;--awb-spacing-left-large:3.84%;--awb-width-medium:100%;--awb-order-medium:0;--awb-spacing-right-medium:1.92%;--awb-spacing-left-medium:1.92%;--awb-width-small:100%;--awb-order-small:0;--awb-spacing-right-small:1.92%;--awb-spacing-left-small:1.92%;\"><div class=\"fusion-column-wrapper fusion-column-has-shadow fusion-flex-justify-content-flex-start fusion-content-layout-column\">\n<div class=\"wpcf7 no-js\" id=\"wpcf7-f16298-o1\" lang=\"it-IT\" dir=\"ltr\">\n<div class=\"screen-reader-response\"><p role=\"status\" aria-live=\"polite\" aria-atomic=\"true\"><\/p> <ul><\/ul><\/div>\n<form action=\"\/examinlab\/wp-json\/wp\/v2\/pages\/16335#wpcf7-f16298-o1\" method=\"post\" class=\"wpcf7-form init\" aria-label=\"Modulo di contatto\" novalidate=\"novalidate\" data-status=\"init\">\n<div style=\"display: none;\">\n<input type=\"hidden\" name=\"_wpcf7\" value=\"16298\" \/>\n<input type=\"hidden\" name=\"_wpcf7_version\" value=\"5.8.1\" \/>\n<input type=\"hidden\" name=\"_wpcf7_locale\" value=\"it_IT\" \/>\n<input type=\"hidden\" name=\"_wpcf7_unit_tag\" value=\"wpcf7-f16298-o1\" \/>\n<input type=\"hidden\" name=\"_wpcf7_container_post\" value=\"0\" \/>\n<input type=\"hidden\" name=\"_wpcf7_posted_data_hash\" value=\"\" \/>\n<\/div>\n<p><br \/>\n<span class=\"wpcf7-form-control-wrap\" data-name=\"your-name\"><input size=\"40\" class=\"wpcf7-form-control wpcf7-text wpcf7-validates-as-required\" aria-required=\"true\" aria-invalid=\"false\" placeholder=\"Nome Sobrenome*\" value=\"\" type=\"text\" name=\"your-name\" \/><\/span>\n<\/p>\n<p><br \/>\n<span class=\"wpcf7-form-control-wrap\" data-name=\"your-email\"><input size=\"40\" class=\"wpcf7-form-control wpcf7-email wpcf7-validates-as-required wpcf7-text wpcf7-validates-as-email\" aria-required=\"true\" aria-invalid=\"false\" placeholder=\"E-mail*\" value=\"\" type=\"email\" name=\"your-email\" \/><\/span>\n<\/p>\n<p><br \/>\n<span class=\"wpcf7-form-control-wrap\" data-name=\"your-company\"><input size=\"40\" class=\"wpcf7-form-control wpcf7-text wpcf7-validates-as-required\" aria-required=\"true\" aria-invalid=\"false\" placeholder=\"Nome da empresa*\" value=\"\" type=\"text\" name=\"your-company\" \/><\/span>\n<\/p>\n<p><br \/>\n<span class=\"wpcf7-form-control-wrap\" data-name=\"your-website\"><input size=\"40\" class=\"wpcf7-form-control wpcf7-text wpcf7-validates-as-required\" aria-required=\"true\" aria-invalid=\"false\" placeholder=\"Website*\" value=\"\" type=\"text\" name=\"your-website\" \/><\/span>\n<\/p>\n<p><br \/>\n<span class=\"wpcf7-form-control-wrap\" data-name=\"your-phone\"><input size=\"40\" class=\"wpcf7-form-control wpcf7-tel wpcf7-validates-as-required wpcf7-text wpcf7-validates-as-tel\" aria-required=\"true\" aria-invalid=\"false\" placeholder=\"Telefone*\" value=\"\" type=\"tel\" name=\"your-phone\" \/><\/span>\n<\/p>\n<p><br \/>\n<span class=\"wpcf7-form-control-wrap\" data-name=\"your-country\"><input size=\"40\" class=\"wpcf7-form-control wpcf7-text wpcf7-validates-as-required\" aria-required=\"true\" aria-invalid=\"false\" placeholder=\"Pa\u00eds*\" value=\"\" type=\"text\" name=\"your-country\" \/><\/span>\n<\/p>\n<p>Tipo de solicita\u00e7\u00e3o*\n<\/p>\n<p><span class=\"wpcf7-form-control-wrap\" data-name=\"type\"><select class=\"wpcf7-form-control wpcf7-select wpcf7-validates-as-required\" id=\"type\" aria-required=\"true\" aria-invalid=\"false\" name=\"type\"><option value=\"\">&#8212;Seleziona un&#039;opzione&#8212;<\/option><option value=\"Demo gratuita\">Demo gratuita<\/option><option value=\"Informa\u00e7\u00f5es sobre software\">Informa\u00e7\u00f5es sobre software<\/option><option value=\"Suporte\">Suporte<\/option><\/select><\/span>\n<\/p>\n<p class=\"largeTextArea\"><br \/>\n<span class=\"wpcf7-form-control-wrap\" data-name=\"your-message\"><textarea cols=\"40\" rows=\"10\" class=\"wpcf7-form-control wpcf7-textarea\" aria-invalid=\"false\" placeholder=\"Mensagem\" name=\"your-message\"><\/textarea><\/span>\n<\/p>\n<p><span class=\"wpcf7-form-control-wrap kc_captcha\" data-name=\"kc_captcha\"><span class=\"wpcf7-form-control wpcf7-radio\"><span class=\"captcha-image\" ><span class=\"cf7ic_instructions\">Si prega di selezionare sotto l'icona della parola<span> Bandiera<\/span>.<\/span><label><input type=\"radio\" name=\"kc_captcha\" value=\"bot\" \/><svg width=\"50\" height=\"50\" aria-hidden=\"true\" role=\"img\" xmlns=\"http:\/\/www.w3.org\/2000\/svg\" viewBox=\"0 0 576 512\"><path fill=\"currentColor\" d=\"M259 18l-65 132-146 22c-26 3-37 36-18 54l106 103-25 146c-5 26 23 46 46 33l131-68 131 68c23 13 51-7 46-33l-25-146 106-103c19-18 8-51-18-54l-146-22-65-132a32 32 0 00-58 0z\"\/><\/svg><\/label><label><input type=\"radio\" name=\"kc_captcha\" value=\"kc_human\" \/><svg width=\"50\" height=\"50\" aria-hidden=\"true\" role=\"img\" xmlns=\"http:\/\/www.w3.org\/2000\/svg\" viewBox=\"0 0 512 512\"><path fill=\"currentColor\" d=\"M350 99c-54 0-98-35-166-35-25 0-47 4-68 12a56 56 0 004-24C118 24 95 1 66 0a56 56 0 00-34 102v386c0 13 11 24 24 24h16c13 0 24-11 24-24v-94c28-12 64-23 114-23 54 0 98 35 166 35 48 0 86-16 122-41 9-6 14-15 14-26V96c0-23-24-39-45-29-35 16-77 32-117 32z\"\/><\/svg><\/label><label><input type=\"radio\" name=\"kc_captcha\" value=\"bot\" \/><svg width=\"50\" height=\"50\" aria-hidden=\"true\" role=\"img\" xmlns=\"http:\/\/www.w3.org\/2000\/svg\" viewBox=\"0 0 512 512\"><path fill=\"currentColor\" d=\"M512 176a176 176 0 01-209 173l-24 27a24 24 0 01-18 8h-37v40c0 13-11 24-24 24h-40v40c0 13-11 24-24 24H24c-13 0-24-11-24-24v-78c0-6 3-13 7-17l162-162a176 176 0 11343-55zm-176-48a48 48 0 1096 0 48 48 0 00-96 0z\"\/><\/svg><\/label>\r\n    <\/span>\r\n    <span style=\"display:none\">\r\n        <input type=\"text\" name=\"kc_honeypot\">\r\n    <\/span><\/span><\/span><br \/>\n<label><span class=\"wpcf7-form-control-wrap\" data-name=\"acceptance-GDPR\"><span class=\"wpcf7-form-control wpcf7-acceptance\"><span class=\"wpcf7-list-item\"><label><input type=\"checkbox\" name=\"acceptance-GDPR\" value=\"1\" aria-invalid=\"false\" \/><span class=\"wpcf7-list-item-label\"><span style=\"font-size: \"12px\";>Li a<a href=\"https:\/\/www.arca24.com\/examinlab\/pt\/privacy-policy-pt\/\" target=\"_blank\" rel=\"nofollow noopener\"> <u>Pol\u00edtica de Privacidade<\/a><\/u> e autorizo o armazenamento dos meus dados no seu ficheiro em conformidade com o Regulamento Europeu de Protec\u00e7\u00e3o de Dados n.\u00ba 679\/2016, GDPR<\/span><\/span><\/label><\/span><\/span><\/span><\/label>\n<\/p>\n<p><input class=\"wpcf7-form-control wpcf7-submit has-spinner\" type=\"submit\" value=\"Send\" \/>\n<\/p><div class=\"fusion-alert alert custom alert-custom fusion-alert-center wpcf7-response-output fusion-alert-capitalize awb-alert-native-link-color alert-dismissable awb-alert-close-boxed alert-shadow\" style=\"--awb-border-top-left-radius:0px;--awb-border-top-right-radius:0px;--awb-border-bottom-left-radius:0px;--awb-border-bottom-right-radius:0px;\" role=\"alert\"><div class=\"fusion-alert-content-wrapper\"><span class=\"fusion-alert-content\"><\/span><\/div><button type=\"button\" class=\"close toggle-alert\" data-dismiss=\"alert\" aria-label=\"Close\">&times;<\/button><\/div>\n<\/form>\n<\/div>\n<\/div><\/div><\/div><\/div>\n","protected":false},"excerpt":{"rendered":"","protected":false},"author":1,"featured_media":17405,"parent":0,"menu_order":0,"comment_status":"closed","ping_status":"closed","template":"100-width.php","meta":{"footnotes":""},"yoast_head":"<!-- This site is optimized with the Yoast SEO plugin v21.3 - https:\/\/yoast.com\/wordpress\/plugins\/seo\/ -->\n<title>Contato | Testes Aplicados em Entrevistas | ExaminLab<\/title>\n<meta name=\"description\" content=\"Contate-nos para informa\u00e7\u00f5es sobre teste de nivelamento online para recrutamento e sele\u00e7\u00e3o: teste de contabilidade para entrevista, teste pratico de excel e teste de nivel de ingles.\" \/>\n<meta name=\"robots\" content=\"index, follow, max-snippet:-1, max-image-preview:large, max-video-preview:-1\" \/>\n<link rel=\"canonical\" href=\"https:\/\/www.arca24.com\/examinlab\/pt\/contato-testes-aplicados-em-entrevistas\/\" \/>\n<meta property=\"og:locale\" content=\"it_IT\" \/>\n<meta property=\"og:type\" content=\"article\" \/>\n<meta property=\"og:title\" content=\"Contato | Testes Aplicados em Entrevistas | ExaminLab\" \/>\n<meta property=\"og:description\" content=\"Contate-nos para informa\u00e7\u00f5es sobre teste de nivelamento online para recrutamento e sele\u00e7\u00e3o: teste de contabilidade para entrevista, teste pratico de excel e teste de nivel de ingles.\" \/>\n<meta property=\"og:url\" content=\"https:\/\/www.arca24.com\/examinlab\/pt\/contato-testes-aplicados-em-entrevistas\/\" \/>\n<meta property=\"og:site_name\" content=\"ExaminLab\" \/>\n<meta property=\"article:modified_time\" content=\"2023-05-08T08:51:40+00:00\" \/>\n<meta property=\"og:image\" content=\"https:\/\/www.arca24.com\/examinlab\/wp-content\/uploads\/2022\/09\/arca24_examinlab-featured-images-pt.jpg\" \/>\n\t<meta property=\"og:image:width\" content=\"1920\" \/>\n\t<meta property=\"og:image:height\" content=\"1080\" \/>\n\t<meta property=\"og:image:type\" content=\"image\/jpeg\" \/>\n<meta name=\"twitter:card\" content=\"summary_large_image\" \/>\n<meta name=\"twitter:image\" content=\"https:\/\/www.arca24.com\/examinlab\/wp-content\/uploads\/2022\/09\/arca24_examinlab-featured-images-pt.jpg\" \/>\n<meta name=\"twitter:label1\" content=\"Tempo di lettura stimato\" \/>\n\t<meta name=\"twitter:data1\" content=\"5 minuti\" \/>\n<script type=\"application\/ld+json\" class=\"yoast-schema-graph\">{\"@context\":\"https:\/\/schema.org\",\"@graph\":[{\"@type\":\"WebPage\",\"@id\":\"https:\/\/www.arca24.com\/examinlab\/pt\/contato-testes-aplicados-em-entrevistas\/\",\"url\":\"https:\/\/www.arca24.com\/examinlab\/pt\/contato-testes-aplicados-em-entrevistas\/\",\"name\":\"Contato | Testes Aplicados em Entrevistas | ExaminLab\",\"isPartOf\":{\"@id\":\"https:\/\/www.arca24.com\/examinlab\/#website\"},\"datePublished\":\"2021-01-20T14:41:20+00:00\",\"dateModified\":\"2023-05-08T08:51:40+00:00\",\"description\":\"Contate-nos para informa\u00e7\u00f5es sobre teste de nivelamento online para recrutamento e sele\u00e7\u00e3o: teste de contabilidade para entrevista, teste pratico de excel e teste de nivel de ingles.\",\"breadcrumb\":{\"@id\":\"https:\/\/www.arca24.com\/examinlab\/pt\/contato-testes-aplicados-em-entrevistas\/#breadcrumb\"},\"inLanguage\":\"it-IT\",\"potentialAction\":[{\"@type\":\"ReadAction\",\"target\":[\"https:\/\/www.arca24.com\/examinlab\/pt\/contato-testes-aplicados-em-entrevistas\/\"]}]},{\"@type\":\"BreadcrumbList\",\"@id\":\"https:\/\/www.arca24.com\/examinlab\/pt\/contato-testes-aplicados-em-entrevistas\/#breadcrumb\",\"itemListElement\":[{\"@type\":\"ListItem\",\"position\":1,\"name\":\"Home\",\"item\":\"https:\/\/www.arca24.com\/examinlab\/it\/\"},{\"@type\":\"ListItem\",\"position\":2,\"name\":\"Contato\"}]},{\"@type\":\"WebSite\",\"@id\":\"https:\/\/www.arca24.com\/examinlab\/#website\",\"url\":\"https:\/\/www.arca24.com\/examinlab\/\",\"name\":\"ExaminLab\",\"description\":\"La piattaforma online di test adattivi per la valutazione delle hard skills\",\"potentialAction\":[{\"@type\":\"SearchAction\",\"target\":{\"@type\":\"EntryPoint\",\"urlTemplate\":\"https:\/\/www.arca24.com\/examinlab\/?s={search_term_string}\"},\"query-input\":\"required name=search_term_string\"}],\"inLanguage\":\"it-IT\"}]}<\/script>\n<!-- \/ Yoast SEO plugin. -->","yoast_head_json":{"title":"Contato | Testes Aplicados em Entrevistas | ExaminLab","description":"Contate-nos para informa\u00e7\u00f5es sobre teste de nivelamento online para recrutamento e sele\u00e7\u00e3o: teste de contabilidade para entrevista, teste pratico de excel e teste de nivel de ingles.","robots":{"index":"index","follow":"follow","max-snippet":"max-snippet:-1","max-image-preview":"max-image-preview:large","max-video-preview":"max-video-preview:-1"},"canonical":"https:\/\/www.arca24.com\/examinlab\/pt\/contato-testes-aplicados-em-entrevistas\/","og_locale":"it_IT","og_type":"article","og_title":"Contato | Testes Aplicados em Entrevistas | ExaminLab","og_description":"Contate-nos para informa\u00e7\u00f5es sobre teste de nivelamento online para recrutamento e sele\u00e7\u00e3o: teste de contabilidade para entrevista, teste pratico de excel e teste de nivel de ingles.","og_url":"https:\/\/www.arca24.com\/examinlab\/pt\/contato-testes-aplicados-em-entrevistas\/","og_site_name":"ExaminLab","article_modified_time":"2023-05-08T08:51:40+00:00","og_image":[{"width":1920,"height":1080,"url":"https:\/\/www.arca24.com\/examinlab\/wp-content\/uploads\/2022\/09\/arca24_examinlab-featured-images-pt.jpg","type":"image\/jpeg"}],"twitter_card":"summary_large_image","twitter_image":"https:\/\/www.arca24.com\/examinlab\/wp-content\/uploads\/2022\/09\/arca24_examinlab-featured-images-pt.jpg","twitter_misc":{"Tempo di lettura stimato":"5 minuti"},"schema":{"@context":"https:\/\/schema.org","@graph":[{"@type":"WebPage","@id":"https:\/\/www.arca24.com\/examinlab\/pt\/contato-testes-aplicados-em-entrevistas\/","url":"https:\/\/www.arca24.com\/examinlab\/pt\/contato-testes-aplicados-em-entrevistas\/","name":"Contato | Testes Aplicados em Entrevistas | ExaminLab","isPartOf":{"@id":"https:\/\/www.arca24.com\/examinlab\/#website"},"datePublished":"2021-01-20T14:41:20+00:00","dateModified":"2023-05-08T08:51:40+00:00","description":"Contate-nos para informa\u00e7\u00f5es sobre teste de nivelamento online para recrutamento e sele\u00e7\u00e3o: teste de contabilidade para entrevista, teste pratico de excel e teste de nivel de ingles.","breadcrumb":{"@id":"https:\/\/www.arca24.com\/examinlab\/pt\/contato-testes-aplicados-em-entrevistas\/#breadcrumb"},"inLanguage":"it-IT","potentialAction":[{"@type":"ReadAction","target":["https:\/\/www.arca24.com\/examinlab\/pt\/contato-testes-aplicados-em-entrevistas\/"]}]},{"@type":"BreadcrumbList","@id":"https:\/\/www.arca24.com\/examinlab\/pt\/contato-testes-aplicados-em-entrevistas\/#breadcrumb","itemListElement":[{"@type":"ListItem","position":1,"name":"Home","item":"https:\/\/www.arca24.com\/examinlab\/it\/"},{"@type":"ListItem","position":2,"name":"Contato"}]},{"@type":"WebSite","@id":"https:\/\/www.arca24.com\/examinlab\/#website","url":"https:\/\/www.arca24.com\/examinlab\/","name":"ExaminLab","description":"La piattaforma online di test adattivi per la valutazione delle hard skills","potentialAction":[{"@type":"SearchAction","target":{"@type":"EntryPoint","urlTemplate":"https:\/\/www.arca24.com\/examinlab\/?s={search_term_string}"},"query-input":"required name=search_term_string"}],"inLanguage":"it-IT"}]}},"_links":{"self":[{"href":"https:\/\/www.arca24.com\/examinlab\/wp-json\/wp\/v2\/pages\/16335"}],"collection":[{"href":"https:\/\/www.arca24.com\/examinlab\/wp-json\/wp\/v2\/pages"}],"about":[{"href":"https:\/\/www.arca24.com\/examinlab\/wp-json\/wp\/v2\/types\/page"}],"author":[{"embeddable":true,"href":"https:\/\/www.arca24.com\/examinlab\/wp-json\/wp\/v2\/users\/1"}],"replies":[{"embeddable":true,"href":"https:\/\/www.arca24.com\/examinlab\/wp-json\/wp\/v2\/comments?post=16335"}],"version-history":[{"count":6,"href":"https:\/\/www.arca24.com\/examinlab\/wp-json\/wp\/v2\/pages\/16335\/revisions"}],"predecessor-version":[{"id":17421,"href":"https:\/\/www.arca24.com\/examinlab\/wp-json\/wp\/v2\/pages\/16335\/revisions\/17421"}],"wp:featuredmedia":[{"embeddable":true,"href":"https:\/\/www.arca24.com\/examinlab\/wp-json\/wp\/v2\/media\/17405"}],"wp:attachment":[{"href":"https:\/\/www.arca24.com\/examinlab\/wp-json\/wp\/v2\/media?parent=16335"}],"curies":[{"name":"wp","href":"https:\/\/api.w.org\/{rel}","templated":true}]}}