{"id":4389,"date":"2024-04-08T14:09:40","date_gmt":"2024-04-08T14:09:40","guid":{"rendered":"https:\/\/www.arca24.com\/jobarch\/?page_id=4389"},"modified":"2024-05-31T14:07:18","modified_gmt":"2024-05-31T14:07:18","slug":"politica-de-privacidade","status":"publish","type":"page","link":"https:\/\/www.arca24.com\/jobarch\/pt\/politica-de-privacidade\/","title":{"rendered":"Pol\u00edtica de privacidade"},"content":{"rendered":"<div class=\"fusion-fullwidth fullwidth-box fusion-builder-row-1 fusion-flex-container has-pattern-background has-mask-background nonhundred-percent-fullwidth non-hundred-percent-height-scrolling\" style=\"--awb-border-radius-top-left:0px;--awb-border-radius-top-right:0px;--awb-border-radius-bottom-right:0px;--awb-border-radius-bottom-left:0px;--awb-flex-wrap:wrap;\" ><div class=\"fusion-builder-row fusion-row fusion-flex-align-items-flex-start fusion-flex-content-wrap\" style=\"max-width:1320.8px;margin-left: calc(-4% \/ 2 );margin-right: calc(-4% \/ 2 );\"><div class=\"fusion-layout-column fusion_builder_column fusion-builder-column-0 fusion_builder_column_1_1 1_1 fusion-flex-column\" style=\"--awb-bg-size:cover;--awb-width-large:100%;--awb-margin-top-large:25px;--awb-spacing-right-large:1.92%;--awb-margin-bottom-large:25px;--awb-spacing-left-large:1.92%;--awb-width-medium:100%;--awb-order-medium:0;--awb-spacing-right-medium:1.92%;--awb-spacing-left-medium:1.92%;--awb-width-small:100%;--awb-order-small:0;--awb-spacing-right-small:1.92%;--awb-spacing-left-small:1.92%;\"><div class=\"fusion-column-wrapper fusion-column-has-shadow fusion-flex-justify-content-flex-start fusion-content-layout-column\"><div class=\"fusion-text fusion-text-1\"><div class=\"fusion-text fusion-text-2\">\n<p><em>Esta p\u00e1gina descreve como a Arca24.com SA processa os dados pessoais dos visitantes do seu site web e de quem interage com a empresa atrav\u00e9s do formul\u00e1rio de \u201ccontacto\u201d ou \u201cdemo gratuita\u201d, de acordo com o disposto na Lei Federal de Prote\u00e7\u00e3o de Dados (LPD) e do Regulamento Europeu (UE) 2016\/679 \u2013 RGPD.<\/em><\/p>\n<\/div>\n<div class=\"fusion-text fusion-text-3\">\n<p><strong>1. Que dados tratamos?<\/strong>\u00a0(art. 13, \u00a7 1 al\u00ednea a, art. 15, al\u00ednea b, RGPD)<\/p>\n<p>A Arca24.com SA, com sede Via Roncaglia 5, CH-6883, Novazzano, \u00e9 o Respons\u00e1vel pelo tratamento e coleta e\/ou recebe as informa\u00e7\u00f5es que voc\u00ea nos fornece, como:<\/p>\n<ol>\n<li>Dados fornecidos pelo usu\u00e1rio no preencher o formul\u00e1rio de contato e do envio de qualquer outro pedido.<\/li>\n<li>Dados no nosso web site: dados relativos ao tr\u00e1fego web, localiza\u00e7\u00e3o, perfilagem, visitas ao web site, endere\u00e7o de IP, sistema operativo utilizado, navegador de rede utilizado, cookies;<\/li>\n<li>Dados fornecidos pelo usu\u00e1rio na sec\u00e7\u00e3o \u201cdemo gratuita\u201d.<\/li>\n<\/ol>\n<p><strong>2. Quais s\u00e3o as finalidades do tratamento de dados?\u00a0<\/strong>(art. 13, \u00a7 1, al\u00edneas c, d, e, f, RGPD)<br \/>\nOs dados do usu\u00e1rio especificados acima s\u00e3o tratados pelo Respons\u00e1vel em rela\u00e7\u00e3o a:<\/p>\n<ol>\n<li>Finalidades conexas \u00e0 gest\u00e3o dos pedidos do preenchimento de fichas de contato, formul\u00e1rios, demo, etc. A base jur\u00eddica \u00e9 de tipo pr\u00e9-contratual.<\/li>\n<\/ol>\n<p><strong>3. Recusa ao processamento de dados<\/strong>\u00a0(art. 13, \u00a7 2, al\u00ednea e, RGPD)<br \/>\nAl\u00e9m do especificado em rela\u00e7\u00e3o aos dados de navega\u00e7\u00e3o, necess\u00e1rios para o correto funcionamento do site e para os cookies (ver pol\u00edtica de cookies), o usu\u00e1rio \u00e9 livre de fornecer os seus dados pessoais para solicitar o envio do material informativo e\/ou para a correta gest\u00e3o do pedido. A recusa de tratar os dados causa a impossibilidade de obter resposta a essas solicita\u00e7\u00f5es.<\/p>\n<p><strong>4. Por quanto tempo os seus dados est\u00e3o conservados?<\/strong>\u00a0(art. 13, \u00a7 2, al\u00ednea a, RGPD)<br \/>\nO tratamento dos seus dados durar\u00e1 apenas o per\u00edodo de tempo necess\u00e1rio \u00e0 realiza\u00e7\u00e3o das atividades relacionadas com a gest\u00e3o do pedido e das obriga\u00e7\u00f5es decorrentes, incluindo os requisitos legais, e em qualquer caso por um per\u00edodo n\u00e3o superior a 12 meses a partir do contato. Os dados pessoais relativos ao perfil ser\u00e3o mantidos por um per\u00edodo m\u00e1ximo de 12 meses.<\/p>\n<p><strong>5. Como tratamos os seus dados?<\/strong>\u00a0(art. 13, \u00a7 2, al\u00ednea f, RGPD)<br \/>\nOs dados pessoais s\u00e3o processados com ferramentas automatizadas pelo tempo estritamente necess\u00e1rio para atingir os fins para os quais foram coletados.<\/p>\n<p>O processamento de dados n\u00e3o inclui a tomada de decis\u00e3o automatizada, mas pode incluir a cria\u00e7\u00e3o de perfis para essas atividades.<\/p>\n<p>Os seus dados podem ser acessados por fornecedores que prestam servi\u00e7os \u00e0 Arca24.<\/p>\n<p>A Arca24 nomeou cada fornecedor que processa os seus dados como subcontratante\u00a0externo de dados, com o objetivo de garantir uma prote\u00e7\u00e3o adequada dos dados pessoais.<\/p>\n<p>Em particular, os seus dados pessoais ser\u00e3o armazenados na Digital Ocean, cujos servidores est\u00e3o localizados em Frankfurt.<\/p>\n<p><strong>6. Direitos da parte interessada<\/strong>\u00a0(art. 13, \u00a7 1, al\u00ednea b, e \u00a7 2 al\u00ednea b, RGPD)<br \/>\nA qualquer momento e gratuitamente, o interessado pode solicitar ao Respons\u00e1vel pelo tratamento a atualiza\u00e7\u00e3o e \/ ou exclus\u00e3o dos seus dados, e \/ ou qualquer outro exerc\u00edcio de direitos do interessado. Estes s\u00e3o especificamente os direitos referidos nos artigos do RGPD: Art. 15 \u201cDireito de acesso\u201d, Art. 16 \u201cDireito de retifica\u00e7\u00e3o\u201d, Art. 17 \u201cDireito de cancelamento\u201d, Art. 18 \u201cDireito de limita\u00e7\u00e3o de tratamento\u201d, Art. 20 \u201cDireito \u00e0 portabilidade dos dados\u201d.<\/p>\n<p>O respons\u00e1vel pela prote\u00e7\u00e3o dos dados pessoais (Data Protection Officer) nos termos do art. 37 do GDPR \u00e9 o advogado Massimiliano Nicotra. \u00c9 poss\u00edvel entrar em contato com o DPO a qualquer momento para perguntas \/ solicita\u00e7\u00f5es \/ relat\u00f3rios em\u00a0<u><a href=\"mailto:privacy@arca24.com\">privacy@arca24.com<\/a><\/u>\u00a0.<\/p>\n<p>O interessado tamb\u00e9m pode contactar e reclamar a autoridade competente.<\/p>\n<\/div>\n<\/div><\/div><\/div><\/div><\/div>\n","protected":false},"excerpt":{"rendered":"","protected":false},"author":1,"featured_media":0,"parent":0,"menu_order":0,"comment_status":"closed","ping_status":"closed","template":"","meta":{"footnotes":""},"class_list":["post-4389","page","type-page","status-publish","hentry"],"yoast_head":"<!-- This site is optimized with the Yoast SEO plugin v27.3 - https:\/\/yoast.com\/product\/yoast-seo-wordpress\/ -->\n<title>Pol\u00edtica de privacidade | Applicant Tracking System e Sistema ERP | JobArch<\/title>\n<meta name=\"description\" content=\"Leia a pol\u00edtica de privacidade do JobArch, o software ATS para pequenas empresas e ag\u00eancias de recrutamento com um Sistema de Acompanhamento de Candidatos para PME.\" \/>\n<meta name=\"robots\" content=\"index, follow, max-snippet:-1, max-image-preview:large, max-video-preview:-1\" \/>\n<link rel=\"canonical\" href=\"https:\/\/www.arca24.com\/jobarch\/pt\/politica-de-privacidade\/\" \/>\n<meta property=\"og:locale\" content=\"it_IT\" \/>\n<meta property=\"og:type\" content=\"article\" \/>\n<meta property=\"og:title\" content=\"Pol\u00edtica de privacidade | Applicant Tracking System e Sistema ERP | JobArch\" \/>\n<meta property=\"og:description\" content=\"Leia a pol\u00edtica de privacidade do JobArch, o software ATS para pequenas empresas e ag\u00eancias de recrutamento com um Sistema de Acompanhamento de Candidatos para PME.\" \/>\n<meta property=\"og:url\" content=\"https:\/\/www.arca24.com\/jobarch\/pt\/politica-de-privacidade\/\" \/>\n<meta property=\"og:site_name\" content=\"JobArch\" \/>\n<meta property=\"article:modified_time\" content=\"2024-05-31T14:07:18+00:00\" \/>\n<meta name=\"twitter:card\" content=\"summary_large_image\" \/>\n<meta name=\"twitter:label1\" content=\"Tempo di lettura stimato\" \/>\n\t<meta name=\"twitter:data1\" content=\"4 minuti\" \/>\n<script type=\"application\/ld+json\" class=\"yoast-schema-graph\">{\"@context\":\"https:\\\/\\\/schema.org\",\"@graph\":[{\"@type\":\"WebPage\",\"@id\":\"https:\\\/\\\/www.arca24.com\\\/jobarch\\\/pt\\\/politica-de-privacidade\\\/\",\"url\":\"https:\\\/\\\/www.arca24.com\\\/jobarch\\\/pt\\\/politica-de-privacidade\\\/\",\"name\":\"Pol\u00edtica de privacidade | Applicant Tracking System e Sistema ERP | JobArch\",\"isPartOf\":{\"@id\":\"https:\\\/\\\/www.arca24.com\\\/jobarch\\\/#website\"},\"datePublished\":\"2024-04-08T14:09:40+00:00\",\"dateModified\":\"2024-05-31T14:07:18+00:00\",\"description\":\"Leia a pol\u00edtica de privacidade do JobArch, o software ATS para pequenas empresas e ag\u00eancias de recrutamento com um Sistema de Acompanhamento de Candidatos para PME.\",\"breadcrumb\":{\"@id\":\"https:\\\/\\\/www.arca24.com\\\/jobarch\\\/pt\\\/politica-de-privacidade\\\/#breadcrumb\"},\"inLanguage\":\"it-IT\",\"potentialAction\":[{\"@type\":\"ReadAction\",\"target\":[\"https:\\\/\\\/www.arca24.com\\\/jobarch\\\/pt\\\/politica-de-privacidade\\\/\"]}]},{\"@type\":\"BreadcrumbList\",\"@id\":\"https:\\\/\\\/www.arca24.com\\\/jobarch\\\/pt\\\/politica-de-privacidade\\\/#breadcrumb\",\"itemListElement\":[{\"@type\":\"ListItem\",\"position\":1,\"name\":\"Home\",\"item\":\"https:\\\/\\\/www.arca24.com\\\/jobarch\\\/it\\\/\"},{\"@type\":\"ListItem\",\"position\":2,\"name\":\"Pol\u00edtica de privacidade\"}]},{\"@type\":\"WebSite\",\"@id\":\"https:\\\/\\\/www.arca24.com\\\/jobarch\\\/#website\",\"url\":\"https:\\\/\\\/www.arca24.com\\\/jobarch\\\/\",\"name\":\"JobArch\",\"description\":\"\",\"publisher\":{\"@id\":\"https:\\\/\\\/www.arca24.com\\\/jobarch\\\/#organization\"},\"potentialAction\":[{\"@type\":\"SearchAction\",\"target\":{\"@type\":\"EntryPoint\",\"urlTemplate\":\"https:\\\/\\\/www.arca24.com\\\/jobarch\\\/?s={search_term_string}\"},\"query-input\":{\"@type\":\"PropertyValueSpecification\",\"valueRequired\":true,\"valueName\":\"search_term_string\"}}],\"inLanguage\":\"it-IT\"},{\"@type\":\"Organization\",\"@id\":\"https:\\\/\\\/www.arca24.com\\\/jobarch\\\/#organization\",\"name\":\"JobArch\",\"url\":\"https:\\\/\\\/www.arca24.com\\\/jobarch\\\/\",\"logo\":{\"@type\":\"ImageObject\",\"inLanguage\":\"it-IT\",\"@id\":\"https:\\\/\\\/www.arca24.com\\\/jobarch\\\/#\\\/schema\\\/logo\\\/image\\\/\",\"url\":\"https:\\\/\\\/www.arca24.com\\\/jobarch\\\/wp-content\\\/uploads\\\/2024\\\/01\\\/arca24_jobarch-logo-1x.png\",\"contentUrl\":\"https:\\\/\\\/www.arca24.com\\\/jobarch\\\/wp-content\\\/uploads\\\/2024\\\/01\\\/arca24_jobarch-logo-1x.png\",\"width\":351,\"height\":107,\"caption\":\"JobArch\"},\"image\":{\"@id\":\"https:\\\/\\\/www.arca24.com\\\/jobarch\\\/#\\\/schema\\\/logo\\\/image\\\/\"}}]}<\/script>\n<!-- \/ Yoast SEO plugin. -->","yoast_head_json":{"title":"Pol\u00edtica de privacidade | Applicant Tracking System e Sistema ERP | JobArch","description":"Leia a pol\u00edtica de privacidade do JobArch, o software ATS para pequenas empresas e ag\u00eancias de recrutamento com um Sistema de Acompanhamento de Candidatos para PME.","robots":{"index":"index","follow":"follow","max-snippet":"max-snippet:-1","max-image-preview":"max-image-preview:large","max-video-preview":"max-video-preview:-1"},"canonical":"https:\/\/www.arca24.com\/jobarch\/pt\/politica-de-privacidade\/","og_locale":"it_IT","og_type":"article","og_title":"Pol\u00edtica de privacidade | Applicant Tracking System e Sistema ERP | JobArch","og_description":"Leia a pol\u00edtica de privacidade do JobArch, o software ATS para pequenas empresas e ag\u00eancias de recrutamento com um Sistema de Acompanhamento de Candidatos para PME.","og_url":"https:\/\/www.arca24.com\/jobarch\/pt\/politica-de-privacidade\/","og_site_name":"JobArch","article_modified_time":"2024-05-31T14:07:18+00:00","twitter_card":"summary_large_image","twitter_misc":{"Tempo di lettura stimato":"4 minuti"},"schema":{"@context":"https:\/\/schema.org","@graph":[{"@type":"WebPage","@id":"https:\/\/www.arca24.com\/jobarch\/pt\/politica-de-privacidade\/","url":"https:\/\/www.arca24.com\/jobarch\/pt\/politica-de-privacidade\/","name":"Pol\u00edtica de privacidade | Applicant Tracking System e Sistema ERP | JobArch","isPartOf":{"@id":"https:\/\/www.arca24.com\/jobarch\/#website"},"datePublished":"2024-04-08T14:09:40+00:00","dateModified":"2024-05-31T14:07:18+00:00","description":"Leia a pol\u00edtica de privacidade do JobArch, o software ATS para pequenas empresas e ag\u00eancias de recrutamento com um Sistema de Acompanhamento de Candidatos para PME.","breadcrumb":{"@id":"https:\/\/www.arca24.com\/jobarch\/pt\/politica-de-privacidade\/#breadcrumb"},"inLanguage":"it-IT","potentialAction":[{"@type":"ReadAction","target":["https:\/\/www.arca24.com\/jobarch\/pt\/politica-de-privacidade\/"]}]},{"@type":"BreadcrumbList","@id":"https:\/\/www.arca24.com\/jobarch\/pt\/politica-de-privacidade\/#breadcrumb","itemListElement":[{"@type":"ListItem","position":1,"name":"Home","item":"https:\/\/www.arca24.com\/jobarch\/it\/"},{"@type":"ListItem","position":2,"name":"Pol\u00edtica de privacidade"}]},{"@type":"WebSite","@id":"https:\/\/www.arca24.com\/jobarch\/#website","url":"https:\/\/www.arca24.com\/jobarch\/","name":"JobArch","description":"","publisher":{"@id":"https:\/\/www.arca24.com\/jobarch\/#organization"},"potentialAction":[{"@type":"SearchAction","target":{"@type":"EntryPoint","urlTemplate":"https:\/\/www.arca24.com\/jobarch\/?s={search_term_string}"},"query-input":{"@type":"PropertyValueSpecification","valueRequired":true,"valueName":"search_term_string"}}],"inLanguage":"it-IT"},{"@type":"Organization","@id":"https:\/\/www.arca24.com\/jobarch\/#organization","name":"JobArch","url":"https:\/\/www.arca24.com\/jobarch\/","logo":{"@type":"ImageObject","inLanguage":"it-IT","@id":"https:\/\/www.arca24.com\/jobarch\/#\/schema\/logo\/image\/","url":"https:\/\/www.arca24.com\/jobarch\/wp-content\/uploads\/2024\/01\/arca24_jobarch-logo-1x.png","contentUrl":"https:\/\/www.arca24.com\/jobarch\/wp-content\/uploads\/2024\/01\/arca24_jobarch-logo-1x.png","width":351,"height":107,"caption":"JobArch"},"image":{"@id":"https:\/\/www.arca24.com\/jobarch\/#\/schema\/logo\/image\/"}}]}},"_links":{"self":[{"href":"https:\/\/www.arca24.com\/jobarch\/wp-json\/wp\/v2\/pages\/4389","targetHints":{"allow":["GET"]}}],"collection":[{"href":"https:\/\/www.arca24.com\/jobarch\/wp-json\/wp\/v2\/pages"}],"about":[{"href":"https:\/\/www.arca24.com\/jobarch\/wp-json\/wp\/v2\/types\/page"}],"author":[{"embeddable":true,"href":"https:\/\/www.arca24.com\/jobarch\/wp-json\/wp\/v2\/users\/1"}],"replies":[{"embeddable":true,"href":"https:\/\/www.arca24.com\/jobarch\/wp-json\/wp\/v2\/comments?post=4389"}],"version-history":[{"count":2,"href":"https:\/\/www.arca24.com\/jobarch\/wp-json\/wp\/v2\/pages\/4389\/revisions"}],"predecessor-version":[{"id":4502,"href":"https:\/\/www.arca24.com\/jobarch\/wp-json\/wp\/v2\/pages\/4389\/revisions\/4502"}],"wp:attachment":[{"href":"https:\/\/www.arca24.com\/jobarch\/wp-json\/wp\/v2\/media?parent=4389"}],"curies":[{"name":"wp","href":"https:\/\/api.w.org\/{rel}","templated":true}]}}